. Let o(w) = 15*w**2 + 5*w - 152. Let d(q) = 5*a(q) - 2*o(q). What is the units digit of d(m)?
9
Let a = -29518 - -57916. What is the hundreds digit of a?
3
Let p(j) be the third derivative of -j**6/120 - j**5/12 + j**4/4 + j**3/2 + 11*j**2. Let r be p(-6). Suppose r*c = 139 + 20. What is the tens digit of c?
5
Let f = 28 + -25. Suppose 3*a - f*g + 1439 = 5741, 2888 = 2*a + 2*g. What is the hundreds digit of a/7 + (-20)/35?
2
Let j(q) = -5*q + 0*q + 2*q + 3 + 0*q**2 + q**2. Let s be j(5). Suppose -s = -2*h + 5*m, 2*h - 3 + 0 = -5*m. What is the units digit of h?
4
Let q = 21600 - 8822. What is the hundreds digit of q?
7
Suppose h + 2*k - 1887 = 0, 5*h + 7*k - 4*k = 9407. What is the thousands digit of h?
1
Let s(j) be the first derivative of -2*j**3/3 + 38*j**2 - 72*j + 39. What is the tens digit of s(31)?
6
Let k(x) be the third derivative of 349*x**5/60 + 13*x**4/6 - x**3/6 + 5*x**2. What is the units digit of k(2)?
9
Let t(d) = 4*d**2 - 3*d - 3. Let n be t(-1). What is the units digit of ((-162)/n)/((-21)/504)?
2
Let x(r) = -3*r + 3. Let o be x(0). Suppose -27 = o*f - 30. What is the units digit of (-105 - -5)*f/5*-4?
0
Suppose -65*m + 27*m + 265886 = 0. What is the units digit of m?
7
What is the tens digit of 18*2249/(-104)*-36?
1
Let v = -65 - -67. Let k = v - -1. Suppose -k*m + 225 = -o + 3*o, -2*o + 5*m + 265 = 0. What is the hundreds digit of o?
1
Suppose -2*w + 17 = u, 4 = 2*u - 3*w + 5. Suppose -u*n = -2000 - 562. What is the tens digit of n?
6
Let w = 46 - 46. Suppose w = -415*b + 419*b - 1272. What is the units digit of b?
8
Let u(q) = 8*q**2 - 10*q - 14. Let b be u(8). What is the units digit of b*1/(-5)*35/(-7)?
8
Suppose -5*y - 4*m + 3321 = -3*m, 4*y - m = 2646. What is the units digit of y?
3
Let m(u) = 10*u**2 + 5*u - 16. Let b = -204 - -209. What is the units digit of m(b)?
9
Let z = -15728 - -22504. What is the tens digit of z?
7
Let w = 99 - 83. Suppose -w*b - 2390 = -21*b. What is the tens digit of b?
7
Suppose -2*f + 0*u + 16 = -u, -3*f + 22 = -2*u. Suppose 33 = f*t - 87. Suppose 4*d = -t, 4*c - 2*d + 0*d = 270. What is the tens digit of c?
6
Suppose 9*v = 36 + 45. Let j(p) = 67*p + 85. What is the hundreds digit of j(v)?
6
Suppose -3*y + 10*y + 28 = 0. Let p be (-22)/y*264/18*3. Let b = p + -163. What is the units digit of b?
9
Let b(o) = o**2 - o - 1. Let d be b(0). Let x be ((-154)/d)/((-6)/(-3)). Suppose 2*k - x = k. What is the tens digit of k?
7
Let r = -44 - -3. Let d = r + 45. Suppose -d*y + y = -180. What is the tens digit of y?
6
Let w(u) = 47*u**2 - 2*u - 1. Suppose -19 = 5*s - 14. Let a be w(s). Suppose a*z = 45*z + 261. What is the units digit of z?
7
Let x = -17549 - -25559. Suppose 21*l - 51*l + x = 0. What is the units digit of l?
7
Let v = -658 + 663. Suppose -10*d = -v*c - 7*d + 4755, -4765 = -5*c + 5*d. What is the units digit of c?
8
Let b(v) = 548*v**2 + 91*v - 368. What is the hundreds digit of b(6)?
9
Let r be ((-4)/16*34)/((-1)/2). Suppose z + 1189 = -15*j + r*j, -j = -4*z - 577. What is the hundreds digit of j?
5
Suppose -2737 = -4*s + m, -36*m - 668 = -s - 39*m. Let c = s - 631. What is the tens digit of c?
5
Suppose -367 = 5*c - 3132. Let b = -373 + c. What is the hundreds digit of b?
1
Let t = 18660 - 1537. What is the tens digit of t?
2
Suppose 5*w + d = 65066, 3*w - 2*d - 14806 = 24244. What is the units digit of w?
4
Let t(m) be the first derivative of 43*m**3/3 + m**2/2 - 10*m - 98. What is the units digit of t(4)?
2
Let x be -1 - 525*(-51 + 5). Suppose -14*o = 17*o - x. What is the hundreds digit of o?
7
Let r = -2749 - -4871. Suppose -3*y + 992 = -r. What is the hundreds digit of y?
0
Suppose 2*m = 4*n + 716, 5*n - 4*m = -878 - 11. Let t = n + 1440. What is the thousands digit of t?
1
Let r(f) be the second derivative of f**4/2 - 17*f**3/6 + 5*f**2/2 - f. Suppose 4*y + 2559 = 2587. What is the hundreds digit of r(y)?
1
Let s(y) = 2*y + 1. Let l(t) = -47*t + 55. Let c(o) = l(o) - 2*s(o). What is the tens digit of c(-15)?
1
Let z = -22782 - -36756. What is the tens digit of z?
7
Let m(p) = -p + 18. Let d be m(16). Suppose 2*v = 2*n - 1174, 6*n - d*v = 5*n + 583. What is the hundreds digit of n?
5
Suppose -650*v + 646*v = 0. What is the units digit of 370 + 12/(-8)*(v - -2)?
7
Suppose -c + 3*c + 930 = 4*n, 3*c + 2*n = -1435. Let m = 741 + c. What is the units digit of m?
6
Let w be (5/(-3))/(434/147 + -3). Suppose 4*u - 4*d - 508 = 0, 4*d - w = u - 156. What is the tens digit of u?
2
What is the units digit of ((-1270)/45*-3)/((-2)/(-87))?
3
Let x(i) be the third derivative of 91*i**4/12 + 19*i**3/6 - 34*i**2. What is the tens digit of x(5)?
2
Suppose -4*p = -18 + 158. Let k = -32 - p. What is the units digit of k?
3
Let d(i) be the first derivative of i**4/4 - 4*i**3 + 13*i**2/2 - i - 37. Let g be d(11). Suppose 16*x - g*x = -430. What is the tens digit of x?
8
Let f = -101874 - -150258. What is the units digit of f?
4
Let q(w) = -w**3 + 24*w + 9326. What is the tens digit of q(0)?
2
Let i(o) = -4*o**3 - 3*o**2 - o - 5. Let s be i(-3). Let q = s - 72. What is the tens digit of 37 + (3 - q)/4?
3
Let s = 0 - -55. What is the units digit of (-132)/s*(2 + -292)?
6
Suppose 20*c - 352256 = -23*c. What is the tens digit of c?
9
Let s = -63 + 61. What is the tens digit of (s*2*-1)/(25/2825)?
5
Suppose -4*v + 2*u = -9594, -u = 2*v - 3*u - 4798. Suppose -v - 1097 = -5*c. What is the units digit of c?
9
Let d(m) be the second derivative of -5*m**4/12 - 9*m**3/2 - 2*m**2 - 36*m. Let u(v) = v**2 + 9*v + 13. Let w be u(-6). What is the units digit of d(w)?
6
Suppose -69 + 11 = -2*g. Suppose 12*q + 9571 = g*q. What is the hundreds digit of q?
5
Let m(f) = 10 - 103*f + 10 + 130*f. What is the tens digit of m(10)?
9
Suppose -3 - 5 = -3*q - 4*r, 2 = -3*q + r. Suppose -3*z - 4 = -3*k - 19, q = 5*z - 4*k - 25. What is the units digit of z*(-7 + 0)*-1?
5
Let m(p) = 17*p + 46. Let a be m(-2). What is the thousands digit of (2853/36 + 8)*a?
1
Let c(i) = -2*i - 1. Let p be c(-3). Suppose -p*d - 3*v = -23, v - 17 = -3*d - 0*v. What is the units digit of d?
7
Suppose 9*s + 91 = 127. Suppose -s*m + 2976 = 4*i, -m - 345 + 1101 = 5*i. What is the units digit of m?
1
Suppose 52*r = 56*r - 16, o - 4*r = -5966. What is the units digit of o/21*12/(-5)?
0
Let m = 17778 - -33429. What is the ten thousands digit of m?
5
What is the thousands digit of (-1956475)/(-35) + 0/1 + 60/(-210)?
5
Suppose -6557 = 4*c - 16*c + 14695. What is the tens digit of c?
7
Let b(w) = 3*w**3 + w**2 + 4*w - 4. Let u be b(1). Let c(x) = 22*x**2 - 18. What is the tens digit of c(u)?
3
Let q(f) = -10*f + 28. Suppose -s + 6*s - 20 = 0. Let t be q(s). Let o = 24 - t. What is the units digit of o?
6
Suppose 4*v - 2*p - 1 = 1, 0 = 2*v - 2*p. Let g be v*(-20)/5 - (0 + -3). What is the units digit of 122/2 + 3/3 - g?
3
Suppose 241792 = 29*n - 301755. What is the hundreds digit of n?
7
Let n(w) = -15251*w**3 + w**2 + 3*w + 2. What is the tens digit of n(-1)?
5
Let g(a) = -3*a**3 - 6*a**2 - 16*a - 33. What is the thousands digit of g(-8)?
1
What is the tens digit of 11 + (-307601)/(-35) - 3/5?
9
Let l(i) = 27*i**3 - i**2 + 6*i + 1. Suppose -2*m = -3*g + 10, -g - 5 = 3*m - 1. What is the tens digit of l(g)?
2
Let g be (-1 - 2)/(6/(-2)). Let m be (g + (-1 - 0))/(16/(-8)). Suppose -3*v + 8*v - 20 = m, -2*i - 2*v + 48 = 0. What is the units digit of i?
0
Let a be 6/1 - (-431 + -23). What is the tens digit of a + (-3 + 4 - 5)?
5
What is the tens digit of -2 + 16 - (-42864)/47?
2
Let p = -23586 - -36025. What is the thousands digit of p?
2
Let i(n) = -69*n + 12. Let f be i(-21). Suppose -9*l + f = -6. What is the units digit of l?
3
Suppose -29*a + 155 = -135. Suppose 0 = -2*d - a, 0*h = -2*h - 2*d + 1260. What is the hundreds digit of h?
6
Suppose 4*p = 2*p - 8. Let l be 0*((-2)/p*5 - 3). Suppose -4*v - 16 = l, u - 4*u + 412 = 2*v. What is the tens digit of u?
4
Let h(o) = o**3 - 12*o**2 + 32*o - 9. Let z be h(18). Let t = -1239 + z. What is the tens digit of t?
7
Suppose 0 = 5*i - 25, 0*i + 3*i - 8650 = -5*c. Suppose -298*q = -287*q - c. What is the tens digit of q?
5
Let x(t) = 33*t + 194. Let h(y) = 16*y + 96. Let u(c) = 13*h(c) - 6*x(c). What is the units digit of u(-7)?
4
Let f(w) = 667*w**2 - 398*w - 1591. What is the units digit of f(-4)?
3
Let u = -